 (-4356)/8. Let q = j - 207. What is the hundreds digit of q?
3
Suppose 4*a = -d + 15 - 10, 4*a = 5*d - 25. Suppose -13*f + 18*f + 4184 = 4*b, -d*f + 2122 = 2*b. What is the units digit of b?
1
Let l = -2937 + 15216. What is the tens digit of l?
7
Let d(r) = 21933*r**2 + 59*r - 59. What is the hundreds digit of d(1)?
9
Let t(p) = 38*p**2 - 164*p + 178. What is the tens digit of t(-34)?
8
Suppose -11 + 58 = -5*m + 3*o, 3*m = o - 25. Let k(u) = 0 + 0 + 8*u**2 - 7*u + 3 + u**3. What is the tens digit of k(m)?
0
Let x(c) = -c**2 - 12*c - 4. Let h(y) = y**3 + 5*y**2 - 4*y + 5. Let z be h(-6). Let t be x(z). Suppose -n = -215 - t. What is the tens digit of n?
4
Let o(y) = -y**3 - 23*y**2 + 25*y + 29. Let m be o(-24). Suppose -x - m*k + 283 = 0, -5*k + 3 - 8 = 0. What is the hundreds digit of x?
2
Let d = -96 + 1385. What is the units digit of d?
9
Let w = 378 - -1686. What is the thousands digit of w?
2
Suppose -70*l + 36*l + 684648 = -608644. What is the units digit of l?
8
Let j be ((-6084)/(-8) + -1)*(-6)/(-3). Suppose 0 = -4*t - 127 + j. What is the tens digit of t?
4
Let a(m) = m**3 + 5*m**2 - 6*m + 1. Let f be a(-6). Let o = f - -2. Suppose -252 = -3*b - 2*d - o*d, -b - 4*d = -91. What is the tens digit of b?
7
Let f(i) = 7*i**2 - 114*i - 58. What is the thousands digit of f(34)?
4
Let n = 3582 - 1961. Suppose 0 = -31*c + n + 1820. What is the hundreds digit of c?
1
Suppose -k + 3*k = 3*f - 138, -f = 2*k - 46. Suppose f*b - 12 = 40*b. What is the units digit of b?
2
Suppose 0 = -3*f - 526 + 2224. Let a = f - 218. What is the units digit of a?
8
Let q(s) = -2*s**3 + 4*s**2 - 5*s - 3. Suppose 206 + 18 = 8*g. Let a be 1*7/g + (-17)/4. What is the hundreds digit of q(a)?
2
Suppose 19*w + 416 = 21*w. Suppose -4*j = -5*o + w, 232 = 4*o + 2*j + 50. What is the units digit of o?
4
Let k(b) = -7 - 3*b + 1 + 40*b**2 + 0 + 8*b. Let g be k(2). Let y = g - 90. What is the units digit of y?
4
Let r be (0*((-16)/(-6) - 3))/2. Let l be 97/((-2)/(-6) + r/(-12)). Suppose -5*k + l = 3*u + 1, 4*k - u = 249. What is the units digit of k?
1
Suppose 272*o - 13248969 - 8172935 = 0. What is the thousands digit of o?
8
Let f = 452 - 438. Suppose 2*u + 2 - 548 = 0. Suppose f*l - u = l. What is the tens digit of l?
2
Suppose 4*g - 89*l - 26902 = -86*l, 2*g - 2*l = 13452. What is the tens digit of g?
2
Let k = -22 + 26. Suppose k*f = f - g + 23, 5*f - 15 = 3*g. Let d(v) = v**2 + 4*v - 14. What is the tens digit of d(f)?
4
Let j = 62930 + -42440. What is the hundreds digit of j?
4
Let n be 1/10 + (-1463)/(-70). Let i(k) = 2*k**2 - 12*k + 57. What is the hundreds digit of i(n)?
6
Let n(o) = 13*o**2 - 16*o - 2345. What is the thousands digit of n(-60)?
5
Suppose 139*x - 183275 = 1019770. What is the thousands digit of x?
8
Let c = 1334 - -6259. What is the thousands digit of c?
7
Let h = 79635 + -44521. What is the thousands digit of h?
5
Let g(k) = k**3 - 7*k**2 - 9*k + 11. Let a be g(8). Let j(u) = a - 7 + 5 + 71*u**2. What is the units digit of j(-1)?
2
Let n(a) = 34*a**2 - 7*a + 5. Let f(o) = -o**2 + o. Let h(k) = 3*f(k) + n(k). Suppose 7*s = 2*s + 10. What is the units digit of h(s)?
1
Let o(h) = 7*h**2 - 2*h + 7. Let d be o(3). Let t = 67 - d. What is the tens digit of 2/(-3 + 1) - (-546)/t?
8
What is the tens digit of 25/((-125)/(-40344)) + (44/20 - 3)?
6
Let n(f) = f**3 + 13*f**2 - f - 32. Suppose 9*g - 13*g - 44 = 0. What is the tens digit of n(g)?
2
Let k = 1 - -9. Let w(q) = -29*q + 58*q - 23*q - 10. What is the tens digit of w(k)?
5
Suppose -647*j + 27853684 + 1204925 + 606988 = 0. What is the ten thousands digit of j?
4
Let t = -1920 + 1272. Let c be 38/(-12)*-2*t/9. Let a = -315 - c. What is the tens digit of a?
4
Let g be (-22)/66*(-1 + -2). What is the hundreds digit of g + 0/5 + 494?
4
Suppose 1152416 = 148*r - 1640492. What is the ten thousands digit of r?
1
Let w be -5 + 4 + (-2 - -17). Let o(p) = p**2 - 15*p + 18. Let n be o(w). Suppose -4*f + 4*q = -n, -5*f + q + 11 = -2*f. What is the units digit of f?
5
Suppose -5*o = f - 47, -5*f - 4*o = -2*f - 196. Suppose 8171*t - 8165*t = 12. What is the tens digit of 2/((-4)/t)*(2 - f)?
7
Suppose 34*w - 10964 - 150876 = 0. What is the hundreds digit of w?
7
Let t(v) = -133*v + 14. Let h(p) = -1. Let x(s) = 7*h(s) + t(s). Let m be x(-3). Suppose 3*j - m = -f, -4*j = 3*f - 160 - 383. What is the hundreds digit of j?
1
Let q(i) = i**3 - 19*i**2 + 42*i - 33. Let p be q(19). Suppose 5*c + 3*v = -0*c + p, 3*v - 15 = 0. What is the tens digit of c?
5
Suppose -10*b = -55526 - 41224. What is the tens digit of b?
7
Let h(v) = 1407*v - 1404. What is the units digit of h(7)?
5
Suppose 0 = -3*b - 4*a + 28660, 38225 = 4*b + 74*a - 71*a. What is the tens digit of b?
6
Let j(q) = q**3 - 13*q**2 + q - 8. Let y = -51 - -64. Let r be j(y). Suppose r*a - 482 = h, 6 = 4*h - 6. What is the units digit of a?
7
Let n be ((-8)/((-128)/40))/(2/(-80)). Let v = -98 - n. What is the tens digit of v/(-7) + 426/21?
2
Suppose 0*u + u = -1, 0 = -f + u + 181. Suppose 2*g + 5*h = f, 5*h = h. Let b = -21 + g. What is the tens digit of b?
6
Let n(s) = -2*s**3 - 78*s**2 - 58*s - 334. What is the units digit of n(-44)?
8
Let n = -18864 + 19383. What is the tens digit of n?
1
Let r = 1524 + 4522. Suppose 27*o = 3782 + r. What is the hundreds digit of o?
3
Suppose 8*x + 83972 = 18*x + 4*x. What is the thousands digit of x?
5
Let h(j) = 5*j**2 + 5*j + 5. Let y be h(-13). Suppose y + 943 = 9*m. What is the units digit of m?
2
Let c(n) = 19*n**2 + 167*n + 4. What is the tens digit of c(-26)?
0
Let t(n) = 412*n**2 - 401*n - 16. What is the thousands digit of t(8)?
3
Let h be (-7 - -5834) + -2 + -1 + 0. What is the units digit of 2 + 4 + h/32?
8
Let l be ((-4)/(-14))/(12/84). Suppose -5*k = -2*n + 10, 5*k - 2*k = -l*n - 6. Suppose -3*m + 81 + 513 = n. What is the tens digit of m?
9
Suppose 2*u - 10*u = -16. Suppose -u*t - 3*t - 22 = -3*x, -5*x - t + 18 = 0. Suppose -x*a + 387 = 2*n - 565, -2*a + 5*n = -500. What is the units digit of a?
0
Suppose 4*u - 7*f + 468 = -3*f, 0 = -u + 2*f - 119. Let j = u + 448. What is the hundreds digit of j?
3
Let w(i) = -22*i**2 - 3*i**2 + 33*i - i**3 - 16 + 13*i**2. What is the tens digit of w(-15)?
6
Let f(j) = -1646*j + 281. What is the tens digit of f(-10)?
4
Let o(s) = s**2 - 34*s - 118. Let y be o(37). What is the tens digit of (-21 + y/1)*-4?
1
Suppose -6*d + 18*d - 202063 = -47095. What is the units digit of d?
4
Let o(r) = -81*r**2 + 8*r - 68. Let v be o(4). Let d = v + 2395. What is the hundreds digit of d?
0
Suppose -540 = 3*z + 3*z. Let k be (-28)/6*z/35. Suppose k + 0 = -4*y, -4*y + 183 = 3*f. What is the tens digit of f?
6
Let d(v) be the third derivative of -v**6/60 - v**5/10 - 29*v**4/24 - 49*v**3/3 - 289*v**2. What is the tens digit of d(-4)?
5
Let s be (-3474)/2*((-35)/(-7))/(-15). Suppose 2*j - s = 5*z + 147, -2*z = -3*j + 1078. What is the units digit of j?
8
Let w be 5 + 5 + 4 - (1 - 1). Suppose 12*d + 10 = w*d. Suppose 0 = -l - 2*l + 2*j + 291, -d*j - 395 = -4*l. What is the tens digit of l?
9
Suppose 2*w + 56 + 42 = 0. Suppose -18*l + 417 = -375. Let u = l - w. What is the tens digit of u?
9
Let l(z) = 42*z + 169. Let c be l(-14). Let x = c + 1405. What is the tens digit of x?
8
Suppose 5*z + 2 = -r, 3*r + 3*z = r - 4. Let g(k) be the first derivative of -2*k**4 - 2*k**3/3 - k**2 - 4*k + 1. What is the units digit of g(r)?
6
Let m = -2 + 13. Let j(u) = m - 5*u + 4*u + 7. What is the tens digit of j(-16)?
3
Let x(t) = 6449*t - 152. What is the hundreds digit of x(1)?
2
Let p(m) = -4*m**3 + 5*m - 23*m**3 - 2*m - 4*m - 2*m**2. Let h be p(-1). Let q = 49 - h. What is the tens digit of q?
2
Suppose 356*x - 289*x - 1856063 = 1839724. What is the ten thousands digit of x?
5
Let h be ((-1338)/8)/(18/48). Let d = 928 + h. What is the hundreds digit of d?
4
Let o be (-44)/(-242) - (-53)/11. Suppose o*c - 675 = 1320. What is the hundreds digit of c?
3
Suppose -165 = -19*q + 8*q. Suppose 7*a + q = 1. Let g = a + 22. What is the units digit of g?
0
Let t = 1640 + -976. Let d = 1341 - t. What is the hundreds digit of d?
6
Let g(p) = 8*p**2 + 5 - 3*p**2 + 19*p - 23. What is the units digit of g(-10)?
2
Let q(l) = -l**3 - 2*l**2 - 38*l + 75. What is the units digit of q(-26)?
7
Let k(o) be the first derivative of o*